00.
2, 5, 419
What are the prime factors of 4353298?
2, 41, 53089
What are the prime factors of 38085?
3, 5, 2539
What are the prime factors of 165943?
31, 53, 101
What are the prime factors of 21547671?
3, 367, 19571
What are the prime factors of 241810?
2, 5, 24181
List the prime factors of 3129219.
3, 23, 5039
List the prime factors of 1819652.
2, 47, 9679
What are the prime factors of 114925?
5, 4597
What are the prime factors of 122799?
3, 40933
What are the prime factors of 13009251?
3, 811, 5347
List the prime factors of 2292297.
3, 7, 17, 6421
List the prime factors of 2223690.
2, 3, 5, 7, 10589
What are the prime factors of 7042792?
2, 880349
What are the prime factors of 76813?
11, 6983
List the prime factors of 12278184.
2, 3, 511591
What are the prime factors of 2687932?
2, 13, 51691
List the prime factors of 178930.
2, 5, 29, 617
List the prime factors of 15113726.
2, 43, 61, 67
List the prime factors of 1193031.
3, 7, 29, 653
What are the prime factors of 228488?
2, 13
What are the prime factors of 3354739?
3354739
What are the prime factors of 1076762?
2, 103, 5227
List the prime factors of 3215631.
3, 197, 5441
What are the prime factors of 133473?
3, 44491
List the prime factors of 2481248.
2, 7, 11, 19, 53
What are the prime factors of 15603338?
2, 23, 163, 2081
What are the prime factors of 14465140?
2, 5, 723257
What are the prime factors of 114697?
11, 10427
What are the prime factors of 4217017?
7, 602431
What are the prime factors of 226315?
5, 45263
What are the prime factors of 94698?
2, 3, 5261
What are the prime factors of 4030658?
2, 23, 87623
What are the prime factors of 347328?
2, 3, 67
List the prime factors of 306976.
2, 53, 181
What are the prime factors of 2725934?
2, 1362967
List the prime factors of 794087.
7, 17, 6673
List the prime factors of 3506337.
3, 317, 1229
What are the prime factors of 10213246?
2, 991, 5153
What are the prime factors of 11849557?
11849557
List the prime factors of 237110.
2, 5, 131, 181
List the prime factors of 3558256.
2, 13, 17107
What are the prime factors of 789271?
7, 47, 2399
List the prime factors of 446368.
2, 13, 29, 37
List the prime factors of 4866055.
5, 29, 37, 907
List the prime factors of 13615551.
3, 863, 1753
List the prime factors of 481527.
3, 53503
List the prime factors of 21051.
3, 2339
List the prime factors of 549167.
549167
List the prime factors of 232752.
2, 3, 13, 373
List the prime factors of 8527904.
2, 7, 11, 3461
What are the prime factors of 18989391?
3, 17, 31, 12011
List the prime factors of 2503874.
2, 1251937
What are the prime factors of 964380?
2, 3, 5, 16073
List the prime factors of 1120570.
2, 5, 11, 61, 167
What are the prime factors of 638078?
2, 7, 17, 383
List the prime factors of 157720.
2, 5, 3943
What are the prime factors of 2601634?
2, 7, 185831
What are the prime factors of 286926?
2, 3, 17, 29, 97
What are the prime factors of 2567191?
11, 23, 73, 139
List the prime factors of 4225771.
11, 19, 20219
What are the prime factors of 147301?
7, 11, 1913
List the prime factors of 75222.
2, 3, 7, 199
List the prime factors of 220360.
2, 5, 7, 787
List the prime factors of 10070852.
2, 11, 228883
What are the prime factors of 2920760?
2, 5, 73019
What are the prime factors of 3354623?
67, 50069
What are the prime factors of 4587454?
2, 2293727
List the prime factors of 4293053.
53, 81001
List the prime factors of 93288.
2, 3, 13, 23
List the prime factors of 16281.
3, 67
What are the prime factors of 374774?
2, 187387
What are the prime factors of 2039042?
2, 19, 23, 2333
List the prime factors of 39624.
2, 3, 13, 127
List the prime factors of 6185993.
11, 37, 15199
What are the prime factors of 1945205?
5, 389041
What are the prime factors of 1263225?
3, 5, 16843
List the prime factors of 63009.
3, 7001
List the prime factors of 201036.
2, 3, 11, 1523
List the prime factors of 229396.
2, 57349
List the prime factors of 1769041.
1769041
List the prime factors of 120857.
11, 10987
List the prime factors of 2191370.
2, 5, 419, 523
List the prime factors of 2670540.
2, 3, 5, 47, 947
List the prime factors of 726890.
2, 5, 72689
What are the prime factors of 9965098?
2, 11, 13, 34843
What are the prime factors of 3534641?
11, 321331
List the prime factors of 1364529.
3, 454843
List the prime factors of 1504.
2, 47
What are the prime factors of 51923?
137, 379
What are the prime factors of 196210?
2, 5, 7, 2803
What are the prime factors of 453367?
453367
List the prime factors of 4716121.
47, 100343
List the prime factors of 2422346.
2, 173, 7001
List the prime factors of 12220734.
2, 3, 601, 3389
What are the prime factors of 715827?
3, 7, 89, 383
What are the prime factors of 124625?
5, 997
List the prime factors of 9424090.
2, 5, 13, 72493
List the prime factors of 189850.
2, 5, 3797
List the prime factors of 16077.
3, 23, 233
List the prime factors of 4796500.
2, 5, 53, 181
What are the prime factors of 6431723?
6431723
List the prime factors of 2869578.
2, 3, 159421
What are the prime factors of 179083?
179083
What are the prime factors of 1001737?
11, 19, 4793
What are the prime factors of 5183592?
2, 3, 215983
What are the prime factors of 9177469?
7, 1311067
What are the prime factors of 4743258?
2, 3, 13, 60811
What are the prime factors of 1959467?
43, 45569
What are the prime factors of 1266086?
2, 47, 13469
List the prime factors of 1477238.
2, 7, 105517
List the prime factors of 236452.
2, 59113
List the prime factors of 5415236.
2, 1353809
List the prime factors of 7875967.
11, 641, 1117
List the prime factors of 2555326.
2, 719, 1777
What are the prime factors of 4957903?
23, 157, 1373
List the prime factors of 768891.
3, 197, 1301
List the prime factors of 12383135.
5, 127, 19501
List the prime factors of 14310124.
2, 17, 12379
What are the prime factors of 226403?
29, 37, 211
List the prime factors of 1225188.
2, 3, 34033
What are the prime factors of 7901?
7901
What are the prime factors of 181423?
11, 16493
List the prime factors of 1001183.
37, 27059
What are the prime factors of 483834?
2, 3, 13, 6203
What are the prime factors of 1186340?
2, 5, 23, 2579
List the prime factors of 387244.
2, 11, 13, 677
What are the prime factors of 4023087?
3, 31, 181, 239
What are the prime factors of 3023503?
7, 431929
What are the prime factors of 9036966?
2, 3, 43, 35027
List the prime factors of 6411591.
3, 631, 1129
What are the prime factors of 307469?
349, 881
What are the prime factors of 247876?
2, 31, 1999
List the prime factors of 28138.
2, 11, 1279
List the prime factors of 1030816.
2, 32213
What are the prime factors of 6138066?
2, 3, 11, 93001
List the prime factors of 6631791.
3, 41, 53917
What are the prime factors of 1877009?
1877009
List the prime factors of 982867.
982867
List the prime factors of 385874.
2, 29, 6653
List the prime factors of 17280538.
2, 11, 19, 41341
List the prime factors of 73990.
2, 5, 7, 151
List the prime factors of 4274113.
23, 185831
List the prime factors of 3967328.
2, 123979
List the prime factors of 1532118.
2, 3, 7, 36479
List the prime factors of 21745326.
2, 3, 3624221
List the prime factors of 5029067.
5029067
List the prime factors of 1397628.
2, 3, 12941
List the prime factors of 16629235.
5, 7, 557, 853
What are the prime factors of 1465064?
2, 367, 499
What are the prime factors of 213591?
3, 7, 1453
List the prime factors of 655718.
2, 7, 6691
List the prime factors of 3055185.
3, 5, 7, 53, 61
List the prime factors of 4378646.
2, 2189323
What are the prime factors of 513423?
3, 57047
List the prime factors of 853565.
5, 53, 3221
What are the prime factors of 298641?
3, 7, 14221
List the prime factors of 237644.
2, 11, 491
List the prime factors of 11143.
11, 1013
List the prime factors of 907470.
2, 3, 5, 3361
List the prime factors of 4592367.
3, 13, 39251
What are the prime factors of 43201?
43201
What are the prime factors of 130916?
2, 23, 1423
List the prime factors of 5304147.
3, 947, 1867
What are the prime factors of 21569363?
727, 29669
List the prime factors of 28069821.
3, 13, 19, 23, 61
What are the prime factors of 3172128?
2, 3, 173, 191
What are the prime factors of 1055397?
3, 7, 29, 1733
What are the prime factors of 39729300?
2, 3, 5, 13, 61, 167
List t